{"id":9210,"date":"2023-11-22T09:02:17","date_gmt":"2023-11-22T09:02:17","guid":{"rendered":"https:\/\/lubi.malnetp.ovh\/?page_id=9210"},"modified":"2024-07-01T08:19:58","modified_gmt":"2024-07-01T08:19:58","slug":"o-nas","status":"publish","type":"page","link":"https:\/\/lubi.malnetp.ovh\/?page_id=9210","title":{"rendered":"O nas"},"content":{"rendered":"<div class=\"wpb-content-wrapper\"><p>[vc_row][vc_column]\t\t\t<link rel=\"stylesheet\" id=\"wd-section-title-css\" href=\"https:\/\/lubi.malnetp.ovh\/wp-content\/themes\/woodmart\/css\/parts\/el-section-title.min.css?ver=7.5.1\" type=\"text\/css\" media=\"all\" \/> \t\t\t\t\t\t<link rel=\"stylesheet\" id=\"wd-mod-highlighted-text-css\" href=\"https:\/\/lubi.malnetp.ovh\/wp-content\/themes\/woodmart\/css\/parts\/mod-highlighted-text.min.css?ver=7.5.1\" type=\"text\/css\" media=\"all\" \/> \t\t\t\n\t\t<div id=\"wd-6682668a18283\" class=\"title-wrapper wd-wpb set-mb-s reset-last-child  wd-rs-6682668a18283 wd-title-color-default wd-title-style-default text-center tytulek4  wd-underline-colored\">\n\t\t\t\n\t\t\t<div class=\"liner-continer\">\n\t\t\t\t<h4 class=\"woodmart-title-container title  wd-font-weight- wd-fontsize-l\" >O nas - sklepy Lubi<\/h4>\n\t\t\t\t\t\t\t<\/div>\n\t\t\t\n\t\t\t\n\t\t\t\n\t\t<\/div>\n\t\t\n\t\t[\/vc_column][\/vc_row][vc_row gap=&#8221;35&#8243; equal_height=&#8221;yes&#8221; content_placement=&#8221;middle&#8221; woodmart_css_id=&#8221;661e2aba9d0b3&#8243; responsive_spacing=&#8221;eyJwYXJhbV90eXBlIjoid29vZG1hcnRfcmVzcG9uc2l2ZV9zcGFjaW5nIiwic2VsZWN0b3JfaWQiOiI2NjFlMmFiYTlkMGIzIiwic2hvcnRjb2RlIjoidmNfcm93IiwiZGF0YSI6eyJ0YWJsZXQiOnt9LCJtb2JpbGUiOnt9fX0=&#8221; mobile_bg_img_hidden=&#8221;no&#8221; tablet_bg_img_hidden=&#8221;no&#8221; woodmart_parallax=&#8221;0&#8243; woodmart_gradient_switch=&#8221;no&#8221; woodmart_box_shadow=&#8221;no&#8221; wd_z_index=&#8221;no&#8221; woodmart_disable_overflow=&#8221;0&#8243; row_reverse_mobile=&#8221;0&#8243; row_reverse_tablet=&#8221;0&#8243;][vc_column width=&#8221;1\/2&#8243;][vc_column_text woodmart_inline=&#8221;no&#8221; text_larger=&#8221;no&#8221;]\u201eLubi\u201d to wiod\u0105ca w Olsztynie sie\u0107 sklep\u00f3w spo\u017cywczych, kt\u00f3ra doskonale wpasowuje si\u0119 w potrzeby mieszka\u0144c\u00f3w miasta. Zrobisz u nas zakupy szybko i wygodnie, znajduj\u0105c dok\u0142adnie to, czego potrzebujesz. Sprawd\u017a, czy jeste\u015bmy w Twoim s\u0105siedztwie \u2013 znajdziesz nas w kilku lokalizacjach w Olsztynie, mi\u0119dzy innymi na Jarotach, Zatorzu oraz w centrum Olsztyna. W kilka chwil o dowolnej porze w ka\u017cdym z naszych sklep\u00f3w mo\u017cesz zaopatrzy\u0107 si\u0119 w najpotrzebniejsze produkty spo\u017cywcze, chemi\u0119 i kosmetyki, najwa\u017cniejsze artyku\u0142y przemys\u0142owe czy artyku\u0142y dla zwierz\u0105t. Naszym priorytetem jest wygoda i \u0142atwa dost\u0119pno\u015b\u0107, dlatego poszukuj\u0105c nowych lokalizacji, zawsze staramy si\u0119 celowa\u0107 w okolice, gdzie zapotrzebowanie na niedu\u017cy, wygodny sklep spo\u017cywczy jest najwi\u0119ksze.[\/vc_column_text][\/vc_column][vc_column width=&#8221;1\/2&#8243;][vc_single_image image=&#8221;10970&#8243; img_size=&#8221;full&#8221; alignment=&#8221;right&#8221; parallax_scroll=&#8221;no&#8221; woodmart_inline=&#8221;no&#8221;][\/vc_column][\/vc_row][vc_row gap=&#8221;35&#8243; equal_height=&#8221;yes&#8221; content_placement=&#8221;middle&#8221; woodmart_css_id=&#8221;661e2aba9d0b3&#8243; responsive_spacing=&#8221;eyJwYXJhbV90eXBlIjoid29vZG1hcnRfcmVzcG9uc2l2ZV9zcGFjaW5nIiwic2VsZWN0b3JfaWQiOiI2NjFlMmFiYTlkMGIzIiwic2hvcnRjb2RlIjoidmNfcm93IiwiZGF0YSI6eyJ0YWJsZXQiOnt9LCJtb2JpbGUiOnt9fX0=&#8221; mobile_bg_img_hidden=&#8221;no&#8221; tablet_bg_img_hidden=&#8221;no&#8221; woodmart_parallax=&#8221;0&#8243; woodmart_gradient_switch=&#8221;no&#8221; woodmart_box_shadow=&#8221;no&#8221; wd_z_index=&#8221;no&#8221; woodmart_disable_overflow=&#8221;0&#8243; row_reverse_mobile=&#8221;0&#8243; row_reverse_tablet=&#8221;0&#8243;][vc_column width=&#8221;1\/2&#8243;][vc_single_image image=&#8221;10972&#8243; img_size=&#8221;full&#8221; parallax_scroll=&#8221;no&#8221; woodmart_inline=&#8221;no&#8221;][\/vc_column][vc_column width=&#8221;1\/2&#8243;][vc_column_text woodmart_inline=&#8221;no&#8221; text_larger=&#8221;no&#8221;]W asortymencie \u201eLubi\u201d znajduj\u0105 si\u0119 produkty znanych i cenionych przez klient\u00f3w marek, a tak\u017ce ca\u0142a gama produkt\u00f3w \u015bwie\u017cych: w\u0119dliny, mi\u0119sa, sery, warzywa i owoce, pieczywo czy domowe, pyszne ciasta. Wsp\u00f3\u0142pracujemy z lokalnymi dostawcami gwarantuj\u0105cymi najlepsz\u0105 jako\u015b\u0107 i \u015bwie\u017co\u015b\u0107. Wszystkie produkty do naszych sklep\u00f3w spo\u017cywczych dobieramy bardzo starannie, tak aby jak najlepiej wpasowa\u0107 si\u0119 w oczekiwania naszych klient\u00f3w. Stale poszerzamy asortyment, by jeszcze lepiej spe\u0142nia\u0107 potrzeby olsztynian.[\/vc_column_text][\/vc_column][\/vc_row][vc_row gap=&#8221;35&#8243; equal_height=&#8221;yes&#8221; content_placement=&#8221;middle&#8221; woodmart_css_id=&#8221;661e2aba9d0b3&#8243; responsive_spacing=&#8221;eyJwYXJhbV90eXBlIjoid29vZG1hcnRfcmVzcG9uc2l2ZV9zcGFjaW5nIiwic2VsZWN0b3JfaWQiOiI2NjFlMmFiYTlkMGIzIiwic2hvcnRjb2RlIjoidmNfcm93IiwiZGF0YSI6eyJ0YWJsZXQiOnt9LCJtb2JpbGUiOnt9fX0=&#8221; mobile_bg_img_hidden=&#8221;no&#8221; tablet_bg_img_hidden=&#8221;no&#8221; woodmart_parallax=&#8221;0&#8243; woodmart_gradient_switch=&#8221;no&#8221; woodmart_box_shadow=&#8221;no&#8221; wd_z_index=&#8221;no&#8221; woodmart_disable_overflow=&#8221;0&#8243; row_reverse_mobile=&#8221;0&#8243; row_reverse_tablet=&#8221;0&#8243;][vc_column width=&#8221;1\/2&#8243;][vc_column_text woodmart_inline=&#8221;no&#8221; text_larger=&#8221;no&#8221;]\u201eLubi\u201d to s\u0105siedzki sklep spo\u017cywczy. Nasza sie\u0107 ju\u017c od lat cieszy si\u0119 zaufaniem klient\u00f3w z Olsztyna i okolic, kt\u00f3re zbudowali\u015bmy dzi\u0119ki wytrwa\u0142ej pracy oraz stawianiu \u015bwie\u017co\u015bci i jako\u015bci na pierwszym miejscu. Dzi\u0119ki temu mo\u017cemy stale si\u0119 rozwija\u0107, otwiera\u0107 sklepy w nowych lokalizacjach, poszerza\u0107 asortyment.<\/p>\n<p>Dzi\u0119kujemy za zaufanie i zapraszamy do \u201eLubi\u201d![\/vc_column_text][\/vc_column][vc_column width=&#8221;1\/2&#8243;][vc_single_image image=&#8221;10971&#8243; img_size=&#8221;full&#8221; alignment=&#8221;right&#8221; parallax_scroll=&#8221;no&#8221; woodmart_inline=&#8221;no&#8221;][\/vc_column][\/vc_row]<\/p>\n<\/div>","protected":false},"excerpt":{"rendered":"<p>[vc_row][vc_column][\/vc_column][\/vc_row][vc_row gap=&#8221;35&#8243; equal_height=&#8221;yes&#8221; content_placement=&#8221;middle&#8221; woodmart_css_id=&#8221;661e2aba9d0b3&#8243; responsive_spacing=&#8221;eyJwYXJhbV90eXBlIjoid29vZG1hcnRfcmVzcG9uc2l2ZV9zcGFjaW5nIiwic2VsZWN0b3JfaWQiOiI2NjFlMmFiYTlkMGIzIiwic2hvcnRjb2RlIjoidmNfcm93IiwiZGF0YSI6eyJ0YWJsZXQiOnt9LCJtb2JpbGUiOnt9fX0=&#8221; mobile_bg_img_hidden=&#8221;no&#8221; tablet_bg_img_hidden=&#8221;no&#8221; woodmart_parallax=&#8221;0&#8243; woodmart_gradient_switch=&#8221;no&#8221; woodmart_box_shadow=&#8221;no&#8221; wd_z_index=&#8221;no&#8221; woodmart_disable_overflow=&#8221;0&#8243; row_reverse_mobile=&#8221;0&#8243; row_reverse_tablet=&#8221;0&#8243;][vc_column width=&#8221;1\/2&#8243;][vc_column_text woodmart_inline=&#8221;no&#8221; text_larger=&#8221;no&#8221;]\u201eLubi\u201d to wiod\u0105ca<\/p>\n","protected":false},"author":1,"featured_media":0,"parent":0,"menu_order":0,"comment_status":"closed","ping_status":"closed","template":"","meta":{"footnotes":""},"yoast_head":"<!-- This site is optimized with the Yoast SEO plugin v22.8 - https:\/\/yoast.com\/wordpress\/plugins\/seo\/ -->\n<title>O nas - Sklepy spo\u017cywcze Lubi w Olsztynie<\/title>\n<meta name=\"robots\" content=\"index, follow, max-snippet:-1, max-image-preview:large, max-video-preview:-1\" \/>\n<link rel=\"canonical\" href=\"https:\/\/lubi.malnetp.ovh\/?page_id=9210\" \/>\n<meta property=\"og:locale\" content=\"pl_PL\" \/>\n<meta property=\"og:type\" content=\"article\" \/>\n<meta property=\"og:title\" content=\"O nas - Sklepy spo\u017cywcze Lubi w Olsztynie\" \/>\n<meta property=\"og:description\" content=\"[vc_row][vc_column][\/vc_column][\/vc_row][vc_row gap=&#8221;35&#8243; equal_height=&#8221;yes&#8221; content_placement=&#8221;middle&#8221; woodmart_css_id=&#8221;661e2aba9d0b3&#8243; responsive_spacing=&#8221;eyJwYXJhbV90eXBlIjoid29vZG1hcnRfcmVzcG9uc2l2ZV9zcGFjaW5nIiwic2VsZWN0b3JfaWQiOiI2NjFlMmFiYTlkMGIzIiwic2hvcnRjb2RlIjoidmNfcm93IiwiZGF0YSI6eyJ0YWJsZXQiOnt9LCJtb2JpbGUiOnt9fX0=&#8221; mobile_bg_img_hidden=&#8221;no&#8221; tablet_bg_img_hidden=&#8221;no&#8221; woodmart_parallax=&#8221;0&#8243; woodmart_gradient_switch=&#8221;no&#8221; woodmart_box_shadow=&#8221;no&#8221; wd_z_index=&#8221;no&#8221; woodmart_disable_overflow=&#8221;0&#8243; row_reverse_mobile=&#8221;0&#8243; row_reverse_tablet=&#8221;0&#8243;][vc_column width=&#8221;1\/2&#8243;][vc_column_text woodmart_inline=&#8221;no&#8221; text_larger=&#8221;no&#8221;]\u201eLubi\u201d to wiod\u0105ca\" \/>\n<meta property=\"og:url\" content=\"https:\/\/lubi.malnetp.ovh\/?page_id=9210\" \/>\n<meta property=\"og:site_name\" content=\"Sklepy spo\u017cywcze Lubi w Olsztynie\" \/>\n<meta property=\"article:modified_time\" content=\"2024-07-01T08:19:58+00:00\" \/>\n<meta name=\"twitter:card\" content=\"summary_large_image\" \/>\n<meta name=\"twitter:label1\" content=\"Szacowany czas czytania\" \/>\n\t<meta name=\"twitter:data1\" content=\"3 minuty\" \/>\n<script type=\"application\/ld+json\" class=\"yoast-schema-graph\">{\"@context\":\"https:\/\/schema.org\",\"@graph\":[{\"@type\":\"WebPage\",\"@id\":\"https:\/\/lubi.malnetp.ovh\/?page_id=9210\",\"url\":\"https:\/\/lubi.malnetp.ovh\/?page_id=9210\",\"name\":\"O nas - Sklepy spo\u017cywcze Lubi w Olsztynie\",\"isPartOf\":{\"@id\":\"https:\/\/lubi.malnetp.ovh\/#website\"},\"datePublished\":\"2023-11-22T09:02:17+00:00\",\"dateModified\":\"2024-07-01T08:19:58+00:00\",\"breadcrumb\":{\"@id\":\"https:\/\/lubi.malnetp.ovh\/?page_id=9210#breadcrumb\"},\"inLanguage\":\"pl-PL\",\"potentialAction\":[{\"@type\":\"ReadAction\",\"target\":[\"https:\/\/lubi.malnetp.ovh\/?page_id=9210\"]}]},{\"@type\":\"BreadcrumbList\",\"@id\":\"https:\/\/lubi.malnetp.ovh\/?page_id=9210#breadcrumb\",\"itemListElement\":[{\"@type\":\"ListItem\",\"position\":1,\"name\":\"Strona g\u0142\u00f3wna\",\"item\":\"https:\/\/lubi.malnetp.ovh\/\"},{\"@type\":\"ListItem\",\"position\":2,\"name\":\"O nas\"}]},{\"@type\":\"WebSite\",\"@id\":\"https:\/\/lubi.malnetp.ovh\/#website\",\"url\":\"https:\/\/lubi.malnetp.ovh\/\",\"name\":\"Sklepy spo\u017cywcze Lubi w Olsztynie\",\"description\":\"\",\"potentialAction\":[{\"@type\":\"SearchAction\",\"target\":{\"@type\":\"EntryPoint\",\"urlTemplate\":\"https:\/\/lubi.malnetp.ovh\/?s={search_term_string}\"},\"query-input\":\"required name=search_term_string\"}],\"inLanguage\":\"pl-PL\"}]}<\/script>\n<!-- \/ Yoast SEO plugin. -->","yoast_head_json":{"title":"O nas - Sklepy spo\u017cywcze Lubi w Olsztynie","robots":{"index":"index","follow":"follow","max-snippet":"max-snippet:-1","max-image-preview":"max-image-preview:large","max-video-preview":"max-video-preview:-1"},"canonical":"https:\/\/lubi.malnetp.ovh\/?page_id=9210","og_locale":"pl_PL","og_type":"article","og_title":"O nas - Sklepy spo\u017cywcze Lubi w Olsztynie","og_description":"[vc_row][vc_column][\/vc_column][\/vc_row][vc_row gap=&#8221;35&#8243; equal_height=&#8221;yes&#8221; content_placement=&#8221;middle&#8221; woodmart_css_id=&#8221;661e2aba9d0b3&#8243; responsive_spacing=&#8221;eyJwYXJhbV90eXBlIjoid29vZG1hcnRfcmVzcG9uc2l2ZV9zcGFjaW5nIiwic2VsZWN0b3JfaWQiOiI2NjFlMmFiYTlkMGIzIiwic2hvcnRjb2RlIjoidmNfcm93IiwiZGF0YSI6eyJ0YWJsZXQiOnt9LCJtb2JpbGUiOnt9fX0=&#8221; mobile_bg_img_hidden=&#8221;no&#8221; tablet_bg_img_hidden=&#8221;no&#8221; woodmart_parallax=&#8221;0&#8243; woodmart_gradient_switch=&#8221;no&#8221; woodmart_box_shadow=&#8221;no&#8221; wd_z_index=&#8221;no&#8221; woodmart_disable_overflow=&#8221;0&#8243; row_reverse_mobile=&#8221;0&#8243; row_reverse_tablet=&#8221;0&#8243;][vc_column width=&#8221;1\/2&#8243;][vc_column_text woodmart_inline=&#8221;no&#8221; text_larger=&#8221;no&#8221;]\u201eLubi\u201d to wiod\u0105ca","og_url":"https:\/\/lubi.malnetp.ovh\/?page_id=9210","og_site_name":"Sklepy spo\u017cywcze Lubi w Olsztynie","article_modified_time":"2024-07-01T08:19:58+00:00","twitter_card":"summary_large_image","twitter_misc":{"Szacowany czas czytania":"3 minuty"},"schema":{"@context":"https:\/\/schema.org","@graph":[{"@type":"WebPage","@id":"https:\/\/lubi.malnetp.ovh\/?page_id=9210","url":"https:\/\/lubi.malnetp.ovh\/?page_id=9210","name":"O nas - Sklepy spo\u017cywcze Lubi w Olsztynie","isPartOf":{"@id":"https:\/\/lubi.malnetp.ovh\/#website"},"datePublished":"2023-11-22T09:02:17+00:00","dateModified":"2024-07-01T08:19:58+00:00","breadcrumb":{"@id":"https:\/\/lubi.malnetp.ovh\/?page_id=9210#breadcrumb"},"inLanguage":"pl-PL","potentialAction":[{"@type":"ReadAction","target":["https:\/\/lubi.malnetp.ovh\/?page_id=9210"]}]},{"@type":"BreadcrumbList","@id":"https:\/\/lubi.malnetp.ovh\/?page_id=9210#breadcrumb","itemListElement":[{"@type":"ListItem","position":1,"name":"Strona g\u0142\u00f3wna","item":"https:\/\/lubi.malnetp.ovh\/"},{"@type":"ListItem","position":2,"name":"O nas"}]},{"@type":"WebSite","@id":"https:\/\/lubi.malnetp.ovh\/#website","url":"https:\/\/lubi.malnetp.ovh\/","name":"Sklepy spo\u017cywcze Lubi w Olsztynie","description":"","potentialAction":[{"@type":"SearchAction","target":{"@type":"EntryPoint","urlTemplate":"https:\/\/lubi.malnetp.ovh\/?s={search_term_string}"},"query-input":"required name=search_term_string"}],"inLanguage":"pl-PL"}]}},"_links":{"self":[{"href":"https:\/\/lubi.malnetp.ovh\/index.php?rest_route=\/wp\/v2\/pages\/9210"}],"collection":[{"href":"https:\/\/lubi.malnetp.ovh\/index.php?rest_route=\/wp\/v2\/pages"}],"about":[{"href":"https:\/\/lubi.malnetp.ovh\/index.php?rest_route=\/wp\/v2\/types\/page"}],"author":[{"embeddable":true,"href":"https:\/\/lubi.malnetp.ovh\/index.php?rest_route=\/wp\/v2\/users\/1"}],"replies":[{"embeddable":true,"href":"https:\/\/lubi.malnetp.ovh\/index.php?rest_route=%2Fwp%2Fv2%2Fcomments&post=9210"}],"version-history":[{"count":45,"href":"https:\/\/lubi.malnetp.ovh\/index.php?rest_route=\/wp\/v2\/pages\/9210\/revisions"}],"predecessor-version":[{"id":11079,"href":"https:\/\/lubi.malnetp.ovh\/index.php?rest_route=\/wp\/v2\/pages\/9210\/revisions\/11079"}],"wp:attachment":[{"href":"https:\/\/lubi.malnetp.ovh\/index.php?rest_route=%2Fwp%2Fv2%2Fmedia&parent=9210"}],"curies":[{"name":"wp","href":"https:\/\/api.w.org\/{rel}","templated":true}]}}